mon factor of 1918 and 28?
14
What is the greatest common divisor of 130 and 300?
10
What is the greatest common factor of 3 and 16351?
1
Calculate the highest common divisor of 7130 and 11270.
230
Calculate the highest common divisor of 7 and 6329043.
7
What is the greatest common divisor of 46350 and 5175?
225
Calculate the greatest common divisor of 75663 and 252.
63
Calculate the highest common divisor of 480 and 58980.
60
What is the highest common factor of 57250 and 160?
10
Calculate the highest common factor of 26214 and 884.
34
What is the highest common factor of 312 and 2530476?
156
What is the greatest common factor of 1323 and 20923?
49
Calculate the highest common divisor of 115 and 191705.
115
Calculate the greatest common divisor of 13310 and 21538.
242
What is the highest common divisor of 640 and 437760?
640
Calculate the greatest common divisor of 175 and 1187375.
175
Calculate the highest common divisor of 74512 and 16.
16
Calculate the greatest common divisor of 32 and 1691888.
16
Calculate the greatest common factor of 3096 and 4606074.
774
Calculate the greatest common factor of 30 and 2490.
30
Calculate the highest common divisor of 5820 and 480.
60
Calculate the highest common divisor of 4407 and 44409.
339
What is the highest common divisor of 290095 and 40?
5
Calculate the greatest common factor of 148 and 593036.
148
Calculate the highest common factor of 5205 and 327.
3
Calculate the highest common divisor of 5504 and 16384.
128
What is the highest common factor of 2161135 and 5?
5
What is the highest common divisor of 57735 and 180?
45
Calculate the greatest common factor of 16004 and 664.
4
Calculate the greatest common divisor of 13082 and 186.
62
What is the greatest common factor of 721407 and 1719?
573
What is the highest common divisor of 3721 and 90341?
61
What is the greatest common factor of 12 and 138?
6
What is the greatest common factor of 202407 and 954?
159
What is the greatest common factor of 59858 and 1730?
346
Calculate the highest common divisor of 40 and 565140.
20
Calculate the greatest common divisor of 1104 and 2493384.
552
Calculate the greatest common factor of 2502976 and 128.
64
What is the highest common factor of 17 and 186864?
17
Calculate the greatest common divisor of 44595 and 735.
15
What is the greatest common divisor of 1720 and 2150?
430
What is the highest common factor of 336 and 12376?
56
What is the highest common factor of 45 and 152055?
45
What is the greatest common divisor of 150250 and 100?
50
What is the highest common factor of 192 and 141744?
48
What is the greatest common divisor of 11956 and 287798?
854
Calculate the greatest common factor of 21846 and 594.
66
What is the greatest common factor of 760 and 52136?
152
Calculate the greatest common factor of 1424335 and 5225.
1045
What is the highest common divisor of 132 and 3091044?
132
Calculate the greatest common divisor of 24531 and 39117.
663
What is the highest common factor of 8697 and 55527?
669
Calculate the greatest common factor of 2808 and 416.
104
What is the greatest common factor of 4262940 and 11?
11
What is the highest common factor of 111 and 172975?
37
Calculate the highest common divisor of 709113 and 645.
129
Calculate the highest common divisor of 4338 and 810.
18
What is the highest common divisor of 295 and 436895?
295
Calculate the highest common factor of 4897 and 26726.
83
Calculate the highest common factor of 11017 and 1472.
23
What is the highest common factor of 252 and 17724?
84
Calculate the greatest common divisor of 1542327 and 7845.
1569
What is the highest common factor of 61776 and 70092?
1188
Calculate the greatest common divisor of 2125 and 7750.
125
What is the greatest common factor of 45 and 1169920?
5
What is the greatest common divisor of 915403 and 71?
71
What is the highest common factor of 48420 and 70?
10
Calculate the highest common factor of 42752 and 48.
16
Calculate the highest common divisor of 4176 and 3712.
464
Calculate the greatest common divisor of 3403668 and 12.
12
What is the greatest common factor of 8967 and 3?
3
Calculate the greatest common divisor of 70 and 1229116.
14
What is the highest common divisor of 1070 and 2133580?
1070
Calculate the highest common divisor of 3869250 and 330.
330
Calculate the highest common factor of 40825 and 497.
71
Calculate the greatest common factor of 427 and 511.
7
Calculate the greatest common factor of 3 and 1103019.
3
Calculate the highest common divisor of 216 and 39879.
27
What is the highest common factor of 2451944 and 272?
136
What is the highest common divisor of 20 and 42450?
10
Calculate the greatest common divisor of 75740 and 252.
28
Calculate the highest common factor of 824 and 19768.
8
What is the greatest common divisor of 271 and 461?
1
Calculate the greatest common factor of 47 and 204826.
47
What is the highest common divisor of 19845 and 156303?
189
Calculate the highest common factor of 222741 and 144.
9
Calculate the highest common factor of 726 and 3966.
6
What is the greatest common factor of 2241734 and 209?
209
Calculate the greatest common divisor of 1287 and 35698.
13
What is the greatest common factor of 3743058 and 12?
6
Calculate the highest common divisor of 128 and 24512.
64
Calculate the highest common factor of 16 and 10072.
8
What is the greatest common factor of 3546 and 12?
6
What is the highest common divisor of 50 and 395230?
10
Calculate the highest common divisor of 468 and 304902.
234
What is the highest common divisor of 1361802 and 1896?
474
Calculate the highest common factor of 617 and 1851.
617
Calculate the highest common divisor of 126930 and 210.
30
Calculate the highest common divisor of 3904 and 36.
4
What is the highest common divisor of 140353 and 178?
89
What is the greatest common factor of 117 and 317746?
13
Calculate the greatest common divisor of 3479892 and 48.
12
Calculate the highest common divisor of 50 and 190125.
25
What is the greatest common divisor of 2458 and 4445293?
1229
Calculate the greatest common divisor of 1804 and 20623.
41
Calculate the greatest common factor of 62340 and 780.
60
Calculate the greatest common divisor of 60558 and 144.
6
What is the greatest common divisor of 22188 and 96?
12
What is the highest common factor of 15322 and 1504?
94
Calculate the greatest common factor of 6136 and 1664.
104
Calculate the greatest common divisor of 22252 and 36.
4
What is the highest common factor of 296 and 16528?
8
What is the greatest common factor of 1955 and 2620873?
391
Calculate the greatest common factor of 18926 and 10.
2
Calculate the greatest common divisor of 35793 and 1845.
369
Calculate the highest common factor of 7 and 46753.
7
What is the greatest common factor of 1068032 and 14602?
2086
What is the highest common factor of 152 and 3644846?
38
What is the greatest common divisor of 5029 and 1128?
47
Calculate the highest common divisor of 23313 and 456.
57
Calculate the highest common divisor of 35 and 704578.
7
Calculate the highest common factor of 201584 and 688.
688
Calculate the highest common divisor of 664938 and 246.
246
What is the greatest common divisor of 394 and 47674?
394
What is the greatest common factor of 216 and 147528?
216
Calculate the highest common divisor of 76 and 466754.
38
Calculate the highest common divisor of 1349 and 35207.
19
Calculate the greatest common divisor of 47520 and 294.
6
What is the greatest common factor of 361 and 21033?
19
Calculate the greatest common factor of 247 and 299.
13
Calculate the greatest common divisor of 978484 and 124.
124
Calculate the highest common factor of 4107 and 2.
1
Calculate the highest common factor of 366955 and 6320.
395
Calculate the greatest common factor of 30 and 25790.
10
Calculate the highest common divisor of 2080 and 45110.
130
Calculate the greatest common divisor of 131140 and 474.
158
Calculate the highest common divisor of 292416 and 2112.
192
Calculate the highest common divisor of 94 and 39997.
47
What is the greatest common divisor of 4961691 and 882?
441
What is the highest common factor of 35113 and 6253?
481
Calculate the highest common factor of 1863 and 10419.
69
What is the greatest common divisor of 52 and 725413?
13
What is